{"id":29144,"date":"2020-02-07T10:19:47","date_gmt":"2020-02-07T09:19:47","guid":{"rendered":"http:\/\/new.ecole-de-voile-lausanne.ch\/?page_id=29144"},"modified":"2020-02-07T10:27:21","modified_gmt":"2020-02-07T09:27:21","slug":"photos","status":"publish","type":"page","link":"https:\/\/www.ecole-de-voile.ch\/en\/photos\/","title":{"rendered":"PICTURES"},"content":{"rendered":"<p>[et_pb_section fb_built=&#8221;1&#8243; _builder_version=&#8221;4.2&#8243;][et_pb_row _builder_version=&#8221;4.2&#8243; min_height=&#8221;256px&#8221;][et_pb_column _builder_version=&#8221;4.2&#8243; type=&#8221;4_4&#8243;][et_pb_gallery _builder_version=&#8221;4.2&#8243; gallery_ids=&#8221;29143,29142,29141,29140,29139,29138,29137,29136,29128,29129,29130,29131,29132,29133,29134,29135,29127,29126,29125,29124,28983,28964,28982,28868&#8243; hover_enabled=&#8221;0&#8243;][\/et_pb_gallery][\/et_pb_column][\/et_pb_row][\/et_pb_section]<\/p>\n","protected":false},"excerpt":{"rendered":"<p>[et_pb_section fb_built=&#8221;1&#8243; _builder_version=&#8221;4.2&#8243;][et_pb_row _builder_version=&#8221;4.2&#8243; min_height=&#8221;256px&#8221;][et_pb_column _builder_version=&#8221;4.2&#8243; type=&#8221;4_4&#8243;][et_pb_gallery _builder_version=&#8221;4.2&#8243; gallery_ids=&#8221;29143,29142,29141,29140,29139,29138,29137,29136,29128,29129,29130,29131,29132,29133,29134,29135,29127,29126,29125,29124,28983,28964,28982,28868&#8243; hover_enabled=&#8221;0&#8243;][\/et_pb_gallery][\/et_pb_column][\/et_pb_row][\/et_pb_section]<\/p>\n","protected":false},"author":1,"featured_media":0,"parent":0,"menu_order":0,"comment_status":"closed","ping_status":"closed","template":"","meta":{"_et_pb_use_builder":"on","_et_pb_old_content":"","_et_gb_content_width":"","footnotes":""},"class_list":["post-29144","page","type-page","status-publish","hentry"],"yoast_head":"<!-- This site is optimized with the Yoast SEO plugin v27.4 - https:\/\/yoast.com\/product\/yoast-seo-wordpress\/ -->\n<title>PHOTOS - ECOLE DE VOILE D&#039;OUCHY<\/title>\n<meta name=\"description\" content=\"Apprenez \u00e0 naviguer en toute s\u00e9curit\u00e9 avec l&#039;\u00c9cole de Voile sur le lac L\u00e9man. Cours de voile et cours bateau moteur tous niveaux, encadrement professionnel et passion de la navigation.\" \/>\n<meta name=\"robots\" content=\"index, follow, max-snippet:-1, max-image-preview:large, max-video-preview:-1\" \/>\n<link rel=\"canonical\" href=\"http:\/\/www.ecole-de-voile.ch\/en\/photos\/\" \/>\n<meta property=\"og:locale\" content=\"en_GB\" \/>\n<meta property=\"og:type\" content=\"article\" \/>\n<meta property=\"og:title\" content=\"PHOTOS - ECOLE DE VOILE D&#039;OUCHY\" \/>\n<meta property=\"og:description\" content=\"Apprenez \u00e0 naviguer en toute s\u00e9curit\u00e9 avec l&#039;\u00c9cole de Voile sur le lac L\u00e9man. Cours de voile et cours bateau moteur tous niveaux, encadrement professionnel et passion de la navigation.\" \/>\n<meta property=\"og:url\" content=\"http:\/\/www.ecole-de-voile.ch\/en\/photos\/\" \/>\n<meta property=\"og:site_name\" content=\"ECOLE DE VOILE D&#039;OUCHY\" \/>\n<meta property=\"article:publisher\" content=\"https:\/\/www.facebook.com\/ecoledevoileouchy\/\" \/>\n<meta property=\"article:modified_time\" content=\"2020-02-07T09:27:21+00:00\" \/>\n<meta name=\"twitter:card\" content=\"summary_large_image\" \/>\n<script type=\"application\/ld+json\" class=\"yoast-schema-graph\">{\"@context\":\"https:\\\/\\\/schema.org\",\"@graph\":[{\"@type\":\"WebPage\",\"@id\":\"http:\\\/\\\/www.ecole-de-voile.ch\\\/photos\\\/\",\"url\":\"http:\\\/\\\/www.ecole-de-voile.ch\\\/photos\\\/\",\"name\":\"PHOTOS - ECOLE DE VOILE D&#039;OUCHY\",\"isPartOf\":{\"@id\":\"https:\\\/\\\/www.ecole-de-voile.ch\\\/#website\"},\"datePublished\":\"2020-02-07T09:19:47+00:00\",\"dateModified\":\"2020-02-07T09:27:21+00:00\",\"description\":\"Apprenez \u00e0 naviguer en toute s\u00e9curit\u00e9 avec l'\u00c9cole de Voile sur le lac L\u00e9man. Cours de voile et cours bateau moteur tous niveaux, encadrement professionnel et passion de la navigation.\",\"breadcrumb\":{\"@id\":\"http:\\\/\\\/www.ecole-de-voile.ch\\\/photos\\\/#breadcrumb\"},\"inLanguage\":\"en-GB\",\"potentialAction\":[{\"@type\":\"ReadAction\",\"target\":[\"http:\\\/\\\/www.ecole-de-voile.ch\\\/photos\\\/\"]}]},{\"@type\":\"BreadcrumbList\",\"@id\":\"http:\\\/\\\/www.ecole-de-voile.ch\\\/photos\\\/#breadcrumb\",\"itemListElement\":[{\"@type\":\"ListItem\",\"position\":1,\"name\":\"Accueil\",\"item\":\"https:\\\/\\\/www.ecole-de-voile.ch\\\/\"},{\"@type\":\"ListItem\",\"position\":2,\"name\":\"PHOTOS\"}]},{\"@type\":\"WebSite\",\"@id\":\"https:\\\/\\\/www.ecole-de-voile.ch\\\/#website\",\"url\":\"https:\\\/\\\/www.ecole-de-voile.ch\\\/\",\"name\":\"ECOLE DE VOILE OUCHY\",\"description\":\"Du permis voile et moteur lac au permis mer !\",\"publisher\":{\"@id\":\"https:\\\/\\\/www.ecole-de-voile.ch\\\/#organization\"},\"potentialAction\":[{\"@type\":\"SearchAction\",\"target\":{\"@type\":\"EntryPoint\",\"urlTemplate\":\"https:\\\/\\\/www.ecole-de-voile.ch\\\/?s={search_term_string}\"},\"query-input\":{\"@type\":\"PropertyValueSpecification\",\"valueRequired\":true,\"valueName\":\"search_term_string\"}}],\"inLanguage\":\"en-GB\"},{\"@type\":\"Organization\",\"@id\":\"https:\\\/\\\/www.ecole-de-voile.ch\\\/#organization\",\"name\":\"Ecole de Voile d'Ouchy\",\"url\":\"https:\\\/\\\/www.ecole-de-voile.ch\\\/\",\"logo\":{\"@type\":\"ImageObject\",\"inLanguage\":\"en-GB\",\"@id\":\"https:\\\/\\\/www.ecole-de-voile.ch\\\/#\\\/schema\\\/logo\\\/image\\\/\",\"url\":\"http:\\\/\\\/www.ecole-de-voile.ch\\\/wp-content\\\/uploads\\\/2020\\\/02\\\/LOGO_NEW_ECOLE_SITE.png\",\"contentUrl\":\"http:\\\/\\\/www.ecole-de-voile.ch\\\/wp-content\\\/uploads\\\/2020\\\/02\\\/LOGO_NEW_ECOLE_SITE.png\",\"width\":1702,\"height\":196,\"caption\":\"Ecole de Voile d'Ouchy\"},\"image\":{\"@id\":\"https:\\\/\\\/www.ecole-de-voile.ch\\\/#\\\/schema\\\/logo\\\/image\\\/\"},\"sameAs\":[\"https:\\\/\\\/www.facebook.com\\\/ecoledevoileouchy\\\/\",\"https:\\\/\\\/www.instagram.com\\\/ecoledevoileouchy\\\/?hl=fr\"]}]}<\/script>\n<!-- \/ Yoast SEO plugin. -->","yoast_head_json":{"title":"PHOTOS - ECOLE DE VOILE D&#039;OUCHY","description":"Apprenez \u00e0 naviguer en toute s\u00e9curit\u00e9 avec l'\u00c9cole de Voile sur le lac L\u00e9man. Cours de voile et cours bateau moteur tous niveaux, encadrement professionnel et passion de la navigation.","robots":{"index":"index","follow":"follow","max-snippet":"max-snippet:-1","max-image-preview":"max-image-preview:large","max-video-preview":"max-video-preview:-1"},"canonical":"http:\/\/www.ecole-de-voile.ch\/en\/photos\/","og_locale":"en_GB","og_type":"article","og_title":"PHOTOS - ECOLE DE VOILE D&#039;OUCHY","og_description":"Apprenez \u00e0 naviguer en toute s\u00e9curit\u00e9 avec l'\u00c9cole de Voile sur le lac L\u00e9man. Cours de voile et cours bateau moteur tous niveaux, encadrement professionnel et passion de la navigation.","og_url":"http:\/\/www.ecole-de-voile.ch\/en\/photos\/","og_site_name":"ECOLE DE VOILE D&#039;OUCHY","article_publisher":"https:\/\/www.facebook.com\/ecoledevoileouchy\/","article_modified_time":"2020-02-07T09:27:21+00:00","twitter_card":"summary_large_image","schema":{"@context":"https:\/\/schema.org","@graph":[{"@type":"WebPage","@id":"http:\/\/www.ecole-de-voile.ch\/photos\/","url":"http:\/\/www.ecole-de-voile.ch\/photos\/","name":"PHOTOS - ECOLE DE VOILE D&#039;OUCHY","isPartOf":{"@id":"https:\/\/www.ecole-de-voile.ch\/#website"},"datePublished":"2020-02-07T09:19:47+00:00","dateModified":"2020-02-07T09:27:21+00:00","description":"Apprenez \u00e0 naviguer en toute s\u00e9curit\u00e9 avec l'\u00c9cole de Voile sur le lac L\u00e9man. Cours de voile et cours bateau moteur tous niveaux, encadrement professionnel et passion de la navigation.","breadcrumb":{"@id":"http:\/\/www.ecole-de-voile.ch\/photos\/#breadcrumb"},"inLanguage":"en-GB","potentialAction":[{"@type":"ReadAction","target":["http:\/\/www.ecole-de-voile.ch\/photos\/"]}]},{"@type":"BreadcrumbList","@id":"http:\/\/www.ecole-de-voile.ch\/photos\/#breadcrumb","itemListElement":[{"@type":"ListItem","position":1,"name":"Accueil","item":"https:\/\/www.ecole-de-voile.ch\/"},{"@type":"ListItem","position":2,"name":"PHOTOS"}]},{"@type":"WebSite","@id":"https:\/\/www.ecole-de-voile.ch\/#website","url":"https:\/\/www.ecole-de-voile.ch\/","name":"ECOLE DE VOILE OUCHY","description":"Du permis voile et moteur lac au permis mer !","publisher":{"@id":"https:\/\/www.ecole-de-voile.ch\/#organization"},"potentialAction":[{"@type":"SearchAction","target":{"@type":"EntryPoint","urlTemplate":"https:\/\/www.ecole-de-voile.ch\/?s={search_term_string}"},"query-input":{"@type":"PropertyValueSpecification","valueRequired":true,"valueName":"search_term_string"}}],"inLanguage":"en-GB"},{"@type":"Organization","@id":"https:\/\/www.ecole-de-voile.ch\/#organization","name":"Ecole de Voile d'Ouchy","url":"https:\/\/www.ecole-de-voile.ch\/","logo":{"@type":"ImageObject","inLanguage":"en-GB","@id":"https:\/\/www.ecole-de-voile.ch\/#\/schema\/logo\/image\/","url":"http:\/\/www.ecole-de-voile.ch\/wp-content\/uploads\/2020\/02\/LOGO_NEW_ECOLE_SITE.png","contentUrl":"http:\/\/www.ecole-de-voile.ch\/wp-content\/uploads\/2020\/02\/LOGO_NEW_ECOLE_SITE.png","width":1702,"height":196,"caption":"Ecole de Voile d'Ouchy"},"image":{"@id":"https:\/\/www.ecole-de-voile.ch\/#\/schema\/logo\/image\/"},"sameAs":["https:\/\/www.facebook.com\/ecoledevoileouchy\/","https:\/\/www.instagram.com\/ecoledevoileouchy\/?hl=fr"]}]}},"_links":{"self":[{"href":"https:\/\/www.ecole-de-voile.ch\/en\/wp-json\/wp\/v2\/pages\/29144","targetHints":{"allow":["GET"]}}],"collection":[{"href":"https:\/\/www.ecole-de-voile.ch\/en\/wp-json\/wp\/v2\/pages"}],"about":[{"href":"https:\/\/www.ecole-de-voile.ch\/en\/wp-json\/wp\/v2\/types\/page"}],"author":[{"embeddable":true,"href":"https:\/\/www.ecole-de-voile.ch\/en\/wp-json\/wp\/v2\/users\/1"}],"replies":[{"embeddable":true,"href":"https:\/\/www.ecole-de-voile.ch\/en\/wp-json\/wp\/v2\/comments?post=29144"}],"version-history":[{"count":5,"href":"https:\/\/www.ecole-de-voile.ch\/en\/wp-json\/wp\/v2\/pages\/29144\/revisions"}],"predecessor-version":[{"id":29503,"href":"https:\/\/www.ecole-de-voile.ch\/en\/wp-json\/wp\/v2\/pages\/29144\/revisions\/29503"}],"wp:attachment":[{"href":"https:\/\/www.ecole-de-voile.ch\/en\/wp-json\/wp\/v2\/media?parent=29144"}],"curies":[{"name":"wp","href":"https:\/\/api.w.org\/{rel}","templated":true}]}}

<!-- This site is optimized with the Yoast SEO plugin v27.4 - https://yoast.com/product/yoast-seo-wordpress/ -->
<title>PHOTOS - ECOLE DE VOILE D&#039;OUCHY</title>
<meta name="description" content="Apprenez à naviguer en toute sécurité avec l&#039;École de Voile sur le lac Léman. Cours de voile et cours bateau moteur tous niveaux, encadrement professionnel et passion de la navigation." />
<meta name="robots" content="index, follow, max-snippet:-1, max-image-preview:large, max-video-preview:-1" />
<link rel="canonical" href="http://www.ecole-de-voile.ch/en/photos/" />
<meta property="og:locale" content="en_GB" />
<meta property="og:type" content="article" />
<meta property="og:title" content="PHOTOS - ECOLE DE VOILE D&#039;OUCHY" />
<meta property="og:description" content="Apprenez à naviguer en toute sécurité avec l&#039;École de Voile sur le lac Léman. Cours de voile et cours bateau moteur tous niveaux, encadrement professionnel et passion de la navigation." />
<meta property="og:url" content="http://www.ecole-de-voile.ch/en/photos/" />
<meta property="og:site_name" content="ECOLE DE VOILE D&#039;OUCHY" />
<meta property="article:publisher" content="https://www.facebook.com/ecoledevoileouchy/" />
<meta property="article:modified_time" content="2020-02-07T09:27:21+00:00" />
<meta name="twitter:card" content="summary_large_image" />
<script type="application/ld+json" class="yoast-schema-graph">{"@context":"https:\/\/schema.org","@graph":[{"@type":"WebPage","@id":"http:\/\/www.ecole-de-voile.ch\/photos\/","url":"http:\/\/www.ecole-de-voile.ch\/photos\/","name":"PHOTOS - ECOLE DE VOILE D&#039;OUCHY","isPartOf":{"@id":"https:\/\/www.ecole-de-voile.ch\/#website"},"datePublished":"2020-02-07T09:19:47+00:00","dateModified":"2020-02-07T09:27:21+00:00","description":"Apprenez à naviguer en toute sécurité avec l'École de Voile sur le lac Léman. Cours de voile et cours bateau moteur tous niveaux, encadrement professionnel et passion de la navigation.","breadcrumb":{"@id":"http:\/\/www.ecole-de-voile.ch\/photos\/#breadcrumb"},"inLanguage":"en-GB","potentialAction":[{"@type":"ReadAction","target":["http:\/\/www.ecole-de-voile.ch\/photos\/"]}]},{"@type":"BreadcrumbList","@id":"http:\/\/www.ecole-de-voile.ch\/photos\/#breadcrumb","itemListElement":[{"@type":"ListItem","position":1,"name":"Accueil","item":"https:\/\/www.ecole-de-voile.ch\/"},{"@type":"ListItem","position":2,"name":"PHOTOS"}]},{"@type":"WebSite","@id":"https:\/\/www.ecole-de-voile.ch\/#website","url":"https:\/\/www.ecole-de-voile.ch\/","name":"ECOLE DE VOILE OUCHY","description":"Du permis voile et moteur lac au permis mer !","publisher":{"@id":"https:\/\/www.ecole-de-voile.ch\/#organization"},"potentialAction":[{"@type":"SearchAction","target":{"@type":"EntryPoint","urlTemplate":"https:\/\/www.ecole-de-voile.ch\/?s={search_term_string}"},"query-input":{"@type":"PropertyValueSpecification","valueRequired":true,"valueName":"search_term_string"}}],"inLanguage":"en-GB"},{"@type":"Organization","@id":"https:\/\/www.ecole-de-voile.ch\/#organization","name":"Ecole de Voile d'Ouchy","url":"https:\/\/www.ecole-de-voile.ch\/","logo":{"@type":"ImageObject","inLanguage":"en-GB","@id":"https:\/\/www.ecole-de-voile.ch\/#\/schema\/logo\/image\/","url":"http:\/\/www.ecole-de-voile.ch\/wp-content\/uploads\/2020\/02\/LOGO_NEW_ECOLE_SITE.png","contentUrl":"http:\/\/www.ecole-de-voile.ch\/wp-content\/uploads\/2020\/02\/LOGO_NEW_ECOLE_SITE.png","width":1702,"height":196,"caption":"Ecole de Voile d'Ouchy"},"image":{"@id":"https:\/\/www.ecole-de-voile.ch\/#\/schema\/logo\/image\/"},"sameAs":["https:\/\/www.facebook.com\/ecoledevoileouchy\/","https:\/\/www.instagram.com\/ecoledevoileouchy\/?hl=fr"]}]}</script>
<!-- / Yoast SEO plugin. -->

Apprenez à naviguer en toute sécurité avec l'École de Voile sur le lac Léman. Cours de voile et cours bateau moteur tous niveaux, encadrement professionnel et passion de la navigation.
